Determine n(g).
-8
Let s(d) be the first derivative of -d**3/3 - 19*d**2/2 + 34*d - 789. Give s(-20).
14
Suppose 0 = 2*p - 4*x + 14, -7*x - 25 = -5*p - 9*x. Let h(u) = 3*u + 33*u**2 - 26*u**2 + 1 + u**p - 13*u**2. Determine h(4).
-19
Let s(t) = t**3 - 4*t**2 - 6*t. Let b be (2/10)/((-2)/10)*-14. Let i be 33/7 - ((-18)/b + 1). Determine s(i).
-5
Let c(i) = -2 + 15*i + 5*i**2 + i**3 - 6*i + 4*i**2. Let b = -125770 + 125762. Give c(b).
-10
Let b(p) = -8*p**3 - 3*p + 4. Let d be 4/12 + (-33)/(-9). Suppose -s - 3*s = d. Let c(t) = t**3 - t + 1. Let z(j) = s*b(j) + 4*c(j). What is z(1)?
11
Let q = -34 + 38. Let x(t) = q + 2*t + 3 + 4 - 9. Suppose -9*s + 37 = -8. Determine x(s).
12
Let h(q) = 2*q**2 - 34*q + 15. Let p be h(17). Let l(i) = -p*i + 25*i - 11*i. Calculate l(4).
-4
Let n(g) = 23*g**3 - 28*g**2 - 6*g - 15. Let w(y) = -9*y**3 + 13*y**2 + 4*y + 7. Let k(u) = 2*n(u) + 5*w(u). Calculate k(-8).
5
Let f(q) = -q + 10. Let d(o) = -o**2 + 11*o - 55. Let l(w) = -d(w) - 6*f(w). Give l(-4).
31
Let u = -1346 - -1348. Suppose -u*o - 25 = -6*o + 3*x, 2*o = -4*x - 4. Let y(p) = p**2 - 2 + 0*p - p - 2. Give y(o).
8
Let p(z) be the third derivative of -z**7/280 - z**5/120 - z**4/6 - 3*z**2. Let l(m) be the second derivative of p(m). Let k be 24 + -8 - 136/8. What is l(k)?
-10
Suppose -k = 3*k - 16. Suppose p - 3*w + 27 - 72 = 0, w + 37 = p. Let q(z) = -11*z**2 + p*z**2 + 4 - 14*z**2 - k*z - 7*z**2. Give q(3).
1
Let a(u) = u**2 - 3*u**2 + 141362*u**3 + 6*u - 211 - 141363*u**3 + 214. Suppose 13 = -5*o - 7. Calculate a(o).
11
Suppose 2*y + 0*x = 2*x - 130, y = -3*x - 45. Let h be 1/4 + (-405)/y. Let a(q) = -q**2 + 4*q + 10. Give a(h).
-11
Let l(j) = -j + 1. Let c(k) be the first derivative of 5/3*k**3 + 13 + 2*k**2 - 3*k. Let q(z) = -c(z) - 2*l(z). Calculate q(1).
-6
Let f(i) = -2*i**2 - 14*i + 1. Let u(c) = -270*c - 5950. Let o be u(-22). What is f(o)?
-59
Let j(w) = -5*w**3 + 3*w**2 + 9*w + 8. Let q(n) = 14*n**3 - 10*n**2 - 26*n - 24. Let l(t) = 11*j(t) + 4*q(t). Let k = -453139 + 453147. Determine l(k).
16
Let l(x) = -16*x + 2. Let j(c) = c**2 + 72*c - 19. Let b(n) = -j(n) - 5*l(n). What is b(8)?
9
Let k(i) = 4*i**2 + 53*i - 36. Let h be k(-14). Let z(x) = -2*x**2 + 8*x - 4. Give z(h).
-28
Suppose 4*y - 2*j = 12, -4*y - 5*j - 1 - 1 = 0. Let g(l) = l**3 - 6*l - 5 + 6*l - 4*l**y. Let b = 125 + -121. Determine g(b).
-5
Let d(x) = 9 + 174*x - 46*x + 11*x**2 - 44*x - 57*x + x**3. Give d(-8).
-15
Let q(d) be the third derivative of -d**5/15 - d**4/24 + d**3/3 - 87*d**2 + 3*d + 3. Calculate q(-1).
-1
Let d(v) be the third derivative of v**4/24 - v**3/3 + 355*v**2. Let m(c) = 4*c**2. Let y be m(-1). Give d(y).
2
Let x(j) be the first derivative of -j**3/3 - 11*j**2/2 + 2*j - 639. Give x(-11).
2
Let g(z) = z - 8. Suppose -3 = 3*s - 36. Let u be 1*(-3)/(5 - 2). Let o be 57/s + 4/22*u. Give g(o).
-3
Suppose 3*a - 5*n - 94 = 78, 0 = -a - 4*n + 63. Let p = a - 51. Let r be (-1 + p/6)/((-1)/(-3)). Let g(f) = 9*f. What is g(r)?
9
Let j = 13154 - 13160. Let v(f) = -f**3 - f**2 - f + 1. Let d(y) = -6*y**3 - 11*y**2 - 5*y + 2. Let q(n) = d(n) - 5*v(n). Calculate q(j).
-3
Let f = -20212 + 20216. Let p(y) be the first derivative of -2*y - f - 3/2*y**2. Calculate p(-3).
7
Let h(t) = 3 - 5*t + 241*t**2 - 137*t**2 - 105*t**2. What is h(-4)?
7
Suppose 19*l = 14*l + 4*g - 37, -4*g = 5*l - 27. Let h(f) = 111*f**3 - 2*f**2 + f + 2. Give h(l).
-112
Let p(f) be the third derivative of -f**5/60 + f**4/8 - 25*f**3/6 + 1524*f**2 - 3. What is p(0)?
-25
Let j(t) be the third derivative of 0 - 24*t**2 + 0*t**4 + 0*t**5 + 1/120*t**6 + 0*t + 0*t**3. Calculate j(0).
0
Let m = -5181 + 5186. Let q(y) = -y**3 + 5*y**2 + 5*y + 12. What is q(m)?
37
Let t(f) = 15220*f - 60883. Let z be t(4). Let d(u) = -9*u + 0*u + 3*u + 2. What is d(z)?
20
Suppose 301*j + 3 = 302*j. Let p(x) = 6*x - 2*x - 4 + 2*x - j*x. Let m(i) = -i - 3. Let t be m(-6). Calculate p(t).
5
Suppose 2*r = -1 + 11. Suppose -r*j - j = -78. Suppose 0 = 5*n + 4*g - j, 0 = 5*n - 0*g - 3*g + 1. Let c(m) = -11*m**2 + m. Determine c(n).
-10
Let i(x) = -x**3 - 22*x**2 - 37*x + 9. Suppose 130 + 249 = 20*o + 779. Determine i(o).
-51
Suppose 104 = 18*p - 22. Let h(u) = -2*u + 2 + 3*u**2 - p + 5 - 2. Let i be (-2)/(((-2)/(-1))/2). Calculate h(i).
14
Let s(h) = 6*h**2 - 7*h + 5. Let z(n) = -12*n**2 + 12*n - 10. Let i(v) = -7*s(v) - 4*z(v). Give i(-4).
97
Let w(x) = -3*x - x - 3 - 1 + 3*x. Let r = -143 + 168. Suppose 3*q + 0*p + 2*p = -r, 24 = -4*q + 2*p. What is w(q)?
3
Let m(c) = 77*c + 13. Let t(u) = -23*u - 5. Let x(k) = 2*m(k) + 7*t(k). Calculate x(-13).
82
Let q(t) = 13*t + 5. Let u(p) = -12*p - 6. Let g(y) = 5*q(y) + 4*u(y). Let o(i) = 8*i - 39. Let w be o(5). Calculate g(w).
18
Let n(i) be the first derivative of 6*i + 219 - 1/3*i**3 - 5/2*i**2. Let a = 7 - 13. Calculate n(a).
0
Let o(p) = p**3 - 1283 - 10*p + 4*p + 4*p**2 + 1287. Give o(4).
108
Let f(o) be the third derivative of -o**5/60 - o**4/4 - o**3/2 + o**2 + 94. Suppose -b + p - 11 = -1, -p - 5 = 2*b. Calculate f(b).
2
Let p(b) = -3*b - 44*b**3 - 25*b**2 - 8 + 30*b**2 + 2*b + 43*b**3. Give p(3).
7
Let r(u) be the second derivative of u**5/20 + 3*u**4/4 + u**3 - 5*u**2 + 769*u. Let y = -9 + 5. Let m be 1/y - (-155)/(-20). Give r(m).
6
Let t = 17 - 33. Let s(p) = -13*p**2 + 13*p - 9. Let z(c) = -37*c**2 + 34*c - 29. Let k(b) = 17*s(b) - 6*z(b). What is k(t)?
5
Suppose -8*o + 96 = -4*o. Suppose -o = -3*g + 3. Let z(m) = 6 + 0*m + 4*m + m - g. Give z(2).
7
Let c(z) = -z**3 - 5*z**2 + 15*z - 5. Suppose -5*i = -2*k - 14, 0*i = 4*i. Calculate c(k).
-12
Let s(f) = 27*f - 119. Let y(r) = -27*r + 147. Let n(q) = -5*s(q) - 4*y(q). Calculate n(5).
-128
Let j(v) = 2. Let a(m) = 2*m**3 - 2*m**2 + 3*m + 5. Let t be a(-1). Let z(u) = -u. Let c(y) = t*j(y) - z(y). Calculate c(8).
4
Let i(w) = -4*w + 3. Suppose -h + 2*h = 6. Suppose -u = h*u + 259. Let m = -35 - u. Give i(m).
-5
Let w(b) = -388*b - 23 + 338*b + 52*b. Calculate w(10).
-3
Let s = 106 - 109. Let n(b) be the first derivative of b**4/4 + 2*b**3/3 - 2*b**2 - 2*b - 56. Determine n(s).
1
Let p(j) = -6 + 7*j + 4*j**3 - 3*j**3 + 0*j**2 - 2*j**2 + j**2 - 4*j**2. Suppose 0 = -2*t - 6, 3*v + t = 5*v - 13. Determine p(v).
29
Let v = 1890 - 1884. Let t(d) = 4*d + 2. What is t(v)?
26
Let j(t) = 5*t - t - t**2 - 3*t + 6 + t. Let i(n) = -5*n**2 + 9*n + 29. Let x(l) = 2*i(l) - 11*j(l). Let z be (-18)/(-6) + -2 + 0 + 5. Give x(z).
4
Let z be 979/44 + (-2)/8. Let t(k) = 24 + z + k**2 + 24 + 6*k - 64. Determine t(-4).
-2
Let s(d) = d**3 + 12*d**2 + 25*d - 26. Let r be s(-4). Let l(q) = -24*q + 41. Calculate l(r).
-7
Let j(z) be the third derivative of -5*z**4/12 - z**3/3 + 5*z**2 + 11. Give j(-9).
88
Let c(h) be the first derivative of -3*h + 1/2*h**2 + 150. Calculate c(6).
3
Let l(a) be the second derivative of -a**4/24 + 2*a**3/3 - 47*a**2/2 - 10*a - 2. Let n(s) be the first derivative of l(s). Determine n(3).
1
Let t(r) = r**2 - 5*r + 7. Suppose 0 = -897*h + 882*h + 45. Calculate t(h).
1
Let r = -92 + 29. Let w = -57 - r. Let b(x) = -2*x**3 - 4*x**2 + 2*x + 8. Let m(j) = 5*j**3 + 7*j**2 - 3*j - 17. Let c(t) = 7*b(t) + 3*m(t). Calculate c(w).
-1
Suppose -2*w = -v + 14, -3*w - 12 = 2*v - 5. Let x(o) = -2*o + 15. Let z be x(v). Let m(a) = a**2 + 1 - 6*a - 2*a + 5. Determine m(z).
-1
Let n(h) = 2*h**3 - 10*h**2 + 3. Let p = -11943 - -11948. Determine n(p).
3
Let i(f) be the third derivative of -f**4/12 + 4*f**3/3 + f**2. Suppose -224*a + 270*a - 318 - 4 = 0. Calculate i(a).
-6
Suppose -47*d - 72 = -11*d. Let b(v) = v. Let s(z) = 2*z + 2. Let p(a) = b(a) + s(a). Let f be p(d). Let h(o) = -2*o - 1. Give h(f).
7
Let k = 17 + -24. Let j(c) = c + 24*c**2 - 57714 - c**3 - 31*c**2 + 57708. Give j(k).
-13
Let q(w) = w - 2. Let j(c) = -237 + 2*c - c + c**3 - 8*c**2 + 233. Let h be j(8). Suppose -h*a = -2*a - 5*p - 11, -3*p = -5*a + 18. Determine q(a).
1
Let d(l) be the second derivative of -l**5/10 - 5*l**4/12 + 5*l**3/6 + 4*l**2 - 145*l - 7. Calculate d(-4).
36
Let v(w) = -6*w**2. Let h(c) = -c**2 - 1. Let n(y) = -4*h(y) + v(y). Suppose 17*f = 56 - 5. Calculate n(f).
-14
Let g(f) = 3*f + 69. Let n = -13001 + 12978. What is g(n)?
0
Suppose 0 = -n + 92*q - 97*q - 8, -5*n + 4 = 3*q. Let i(s) = -40 - 8*s + 74 - 2*s**2 - 38 + 3*s**2 - 2*s**n. Let j be 15/(-2) + (-1)